*2 + 3*o + 1. Give u(x).
3
Let b(h) = -5*h + 2. Let c(m) = -10*m + 5. Let v(a) = 5*b(a) - 2*c(a). Determine v(1).
-5
Let o(d) = d**2 - d + 2. Suppose -2*s + 15 = s. Suppose -p + 12 = -2*z, 0 = 5*p - z - s - 10. Calculate o(p).
4
Let p(t) = -3*t. Suppose -5*r = -0 - 10. Suppose 2*s + r = -0. Determine p(s).
3
Let y be 3 - 2/(-6 + 4). Let b(u) = -y + 3*u - u**2 - 3 + 3*u. Suppose -4*l + 25 - 5 = 0. Determine b(l).
-2
Let l(s) be the first derivative of -1/3*s**3 + 1 - 1/2*s**2 + s. Calculate l(2).
-5
Let n(b) = 2*b + b - 4*b. Let y be n(-2). Let v(o) = -3*o**3 + 3*o + 1 - y*o - o + 2*o. What is v(-1)?
2
Suppose 4*a = l + 23, -a = 3 - 8. Let q be ((-3)/l*-1)/(-1). Let b(w) = w**2 - w - 1. Determine b(q).
-1
Suppose x - 25 = 3*i, 2*x - 3*i - 75 = -x. Suppose 2*h = 4, 5*d - 5*h = -0*d - x. Let c(j) = -j**2 - 2*j + 1. What is c(d)?
-2
Let n(o) = o**2 + 7*o - 4. Suppose 2*j = j - 7. Calculate n(j).
-4
Let q(f) = 5*f + 2. Let b = -72 - -67. Give q(b).
-23
Let p = 1 - 0. Let s(l) = -5 + 4*l + 0 + l**2 + 0*l**2 - p. Suppose -46 = 5*r - 0*j - 4*j, 5*j = -r + 14. Calculate s(r).
6
Suppose 6 = -3*n, -4*g = -2*g + 5*n + 10. Let l(t) = -4 + g + 3*t**2 + 5*t - t**2. Give l(-4).
8
Let w be (3/(-2))/(51/(-34)). Let d be (2 + -3 - -1)/w. Let b(h) = h**3 - h - 10. What is b(d)?
-10
Let x(z) = -z**3 + 4*z**2 - z + 5. Suppose 4*q + 28 = -2*k, 0 = -2*q + 3*q - 5*k + 7. Let m = 4 + q. Let g = m - -7. Calculate x(g).
1
Let t(m) = 2*m**2 - 5*m - 1. Let l(s) = -4*s**2 + 11*s + 2. Let y(g) = -4*l(g) - 9*t(g). Let i be 64/(-36) + (-2)/9. Give y(i).
-9
Let n = 0 + 0. Let g(a) = a**2 + a + 5. Let y be g(0). Let j(z) = z**3 - z. Let r(i) = -4*i**3 - i**2 + 5*i + 1. Let t(m) = y*j(m) + r(m). Give t(n).
1
Let z(r) = -5*r + 6*r + 2*r. Let j(d) = -d**3 + 5*d**2 - 6*d + 6. Let a be j(4). Calculate z(a).
-6
Let g(r) = -r**3 - 5*r**2 + 2. Let a(s) = s**3 - 7*s**2 - s + 2. Let w = -8 - -15. Let u be a(w). What is g(u)?
2
Let x(p) be the second derivative of -p**5/20 + p**4/12 + p**3/2 + 2*p. Give x(3).
-9
Let c(x) = -x**2 + 3*x. Let k be 5 - (2 + -3 + 1). Suppose -k*a - 8 = -10*a - 3*m, -2*a - 3*m - 4 = 0. Give c(a).
-4
Let y(j) = 2*j**2 + 4*j. Let i(m) = 4*m. Let k be i(1). Let o(u) = u**3 - 4*u**2 + u - 2. Let l be o(k). Suppose 0 = -l*z + z - 3. Give y(z).
6
Let p(a) = -a**2 + 2*a. Let i be p(2). Suppose i = c - 4*c + 9. Let w(x) = -x + 2. Calculate w(c).
-1
Let n be (4 + -2)/((-1)/(-4)). Suppose 3*x = 2 - n. Let y(l) be the first derivative of l**3/3 + l - 3. What is y(x)?
5
Let f(o) = o - 1. Let k = -2 + 6. Calculate f(k).
3
Let y(z) = 6 - z**3 - z + 0 - 2 + 5*z**2. Let v be y(5). Let k(m) be the second derivative of -m**4/6 + m**3/3 + m**2/2 - m. Give k(v).
-3
Let s(n) = -n**3 - 3*n**2 + 2*n - 2. Let y(v) = v**2 + 2*v - 3. Let j be y(0). Calculate s(j).
-8
Let h be (4 - 5)/(2/(-4)). Let s(z) = h*z**2 - 4*z**2 + 3 + z**2 + 2*z - 4*z. Let c = 3 + -1. Calculate s(c).
-5
Let d(u) = 14*u**2 - 26*u + 6. Let m(n) = 5*n**2 - 9*n + 2. Let w(b) = -6*d(b) + 17*m(b). What is w(-2)?
-4
Let j(o) be the first derivative of -o**7/840 - o**6/72 - o**5/24 - o**4/8 + o**3/3 + 1. Let g(w) be the third derivative of j(w). Give g(-4).
1
Let g be 14 - 1*(1 - -1). Let b = 10 - g. Let r(a) = -6 + 3 + a**2 + 2. Determine r(b).
3
Let n(j) = -3*j**2 + 6 + 3*j - 4 + 4*j**2 - 3*j**2. Calculate n(-3).
-25
Let c(z) be the third derivative of 5*z**4/24 - z**3/3 + 14*z**2. Calculate c(-3).
-17
Suppose -5*s + z = 5*z + 5, 4*s + 3 = -3*z. Suppose s*p + 0*p - 9 = 0, -2*n - 3*p = -5. Let m be (-10)/4 - 1/n. Let l(v) = v**3 - v**2 - 3*v - 3. What is l(m)?
-9
Suppose 0 = 5*w + 5, 2*u + 2*w = 5*w + 11. Let v = u + -1. Let s(b) = 4 + v + 4*b + b - b**2. Give s(5).
7
Suppose h - 4*h + 2*d = -10, 0 = -5*d - 10. Let l(w) be the third derivative of -1/3*w**3 + 1/8*w**4 + 0*w - w**h + 0. Determine l(-2).
-8
Suppose 6*t + 4*n = 2*t + 4, 0 = 2*t + n - 6. Let b(d) = -1 - d**2 + 5*d - 4*d + 6*d - 6. Calculate b(t).
3
Let i(h) = h**2 + 14*h + 13. Let z(y) = y**2 + 15*y + 14. Let w(k) = 7*i(k) - 6*z(k). Suppose -3 = 5*g + r + 28, 0 = -r + 4. Give w(g).
0
Let a(t) = -21*t**2 + 33*t**2 - 1 - 17*t**2. What is a(1)?
-6
Let h(c) be the first derivative of -2*c**3/3 + c**2 + 5*c + 40. Determine h(4).
-19
Let b(k) = k**3 - 4*k**2 - 5*k. Let z = 4 - 2. Suppose 5*d + 5*q - 15 = 0, -3*d - z*q + 7 = -4. Give b(d).
0
Let v(a) be the third derivative of -a**5/60 + a**4/3 - a**3 - 60*a**2. Calculate v(6).
6
Let z(c) = c**3 - 7*c**2 + 8*c. Let u be (-3)/((-9)/21) + -1. Determine z(u).
12
Let i(l) = -6*l**2 + 8. Let j(r) = r**2 - 1. Let n(a) = -5*i(a) - 40*j(a). Calculate n(1).
-10
Let b(d) = 3*d**3 - 3*d**2 + 2*d + 1. Let t be b(2). Suppose 2*g - 2*r - t = -7*r, -r + 5 = 2*g. Let z(p) = -2*p - 4*p + g + 5*p. Determine z(2).
-1
Let g be (-17)/(-3) + 6/(-9). Suppose 5 = -3*w + t, -g*t = -1 + 6. Let i(n) = n - 7. Let j(h) = -h + 3. Let x(b) = -3*i(b) - 7*j(b). Give x(w).
-8
Let c(f) be the third derivative of -7*f**6/120 + f**3/6 - 40*f**2. What is c(1)?
-6
Let y(z) = -z + 1. Suppose -6*l = -7*l - 2. Let p be y(l). Let r(t) = -t. What is r(p)?
-3
Let k(s) = s**2 - s - 5. Let g(w) = -w**3 + 7*w**2 + 7*w + 8. Let u be g(8). Suppose 2*y - 11 - 5 = u. Let n = 8 - y. Give k(n).
-5
Let x(h) be the second derivative of -1/3*h**3 - 1/6*h**4 - 1/20*h**5 + 0 + 0*h**2 + h. Calculate x(-2).
4
Let j = 0 - 0. Suppose -2*y + 10 = 0, j = 5*w + 3*y - 31 + 11. Let f(b) = -6*b**2 - 1. Determine f(w).
-7
Let c(t) be the third derivative of -t**2 + 0 + 1/60*t**5 + 0*t - 1/6*t**3 + 5/24*t**4. Suppose -20 = 2*x + 2*x. Determine c(x).
-1
Let k(x) = -5 + 0 - 6*x + 3*x. Let r = -48 - -44. What is k(r)?
7
Let z(y) = -4*y - 12 + y + 0 + 4*y. Give z(5).
-7
Let o(y) = -4*y. Let q(l) = l + 5 - 4 - 2. Let g(i) = -o(i) - 3*q(i). What is g(-4)?
-1
Let q = -7 + 8. Let i = q + 2. Let r(v) be the first derivative of -2*v**3/3 + 5*v**2/2 - 4*v + 1. Calculate r(i).
-7
Let f(t) = t + 1. Let u(g) = 2*g**2 + g - 10. Let a be u(-3). Determine f(a).
6
Let l(f) = f**3 + 9. Suppose m = 5*r - 20, 4 = -2*m - m + r. Determine l(m).
9
Let v be (-86)/(-7) + (-2)/7. Let r be 1 + v/9*3. Let t(y) = y - 7. Calculate t(r).
-2
Let b(w) be the first derivative of w**4 - w**3/3 + w**2 - w - 50. Give b(1).
4
Suppose -3*y - 35 = 2*y. Let t(s) = s**2 + 8*s + 10. Let o be t(y). Let l(x) = 2 + 59*x**3 - 58*x**3 + 2*x**2 - 6*x**2. Determine l(o).
-7
Let u(r) = -r + 2. Let o(w) = -2*w + 4. Let h = 18 - 9. Suppose -4*g + 35 = -0*l + 5*l, -3*g + 2*l + h = 0. Let i(k) = g*u(k) - 3*o(k). Determine i(4).
2
Let a be (3/(-6))/((-1)/(-14)). Let v(y) = 2*y + y + 4*y + 22*y**2 - 21*y**2 - 5. Determine v(a).
-5
Let h = 3 + -5. Let v(s) = -2*s - 9*s**2 + 10*s**2 - 3*s**2 - 2*s**2. Calculate v(h).
-12
Let d(c) = -6 + 12*c + 16*c + 13*c - 39*c. Calculate d(3).
0
Let c(s) = s**3 + 6*s**2 + 6*s + 5. Let i(h) = -4*h**3 - h**2 + h. Let w be i(1). Calculate c(w).
13
Let k(x) = 3*x + 1. Let i(m) = 1 - 9*m - 4 + 2*m. Let w(y) = 2*i(y) + 5*k(y). Let q be 6/4*-2*2/(-2). Give w(q).
2
Let s(u) = 26*u - 7. Let p(x) = 76*x - 20. Let w(m) = 6*p(m) - 17*s(m). What is w(-1)?
-15
Let m(i) be the second derivative of i**3/6 + 2*i**2 - 2*i. Suppose -4*u - 3*o - 3 = 0, -2*o - 9 = 1. Suppose 9 = -3*p, u + 0 = -t - p. What is m(t)?
4
Let o(x) = -x. Let a(u) = 6*u. Let i(k) = -a(k) - 5*o(k). Let q be 1 - 2/(4/(-14)). Suppose 12 = 4*f - q. Determine i(f).
-5
Let q(l) be the third derivative of l**6/120 - l**4/8 - l**3/2 - 2*l**2. Suppose -a = 5 - 1. Let k be 0 - a/(2/(-1)). Calculate q(k).
-5
Let p(o) = -7*o - 3. Let y(w) = -15*w - 7. Let r(c) = -9*p(c) + 4*y(c). Let b(s) = s. Let u(f) = -5*b(f) + 2*r(f). Give u(5).
3
Let g(k) = -k**2. Let t(n) = -3*n**2 - 5*n - 1. Let v(w) = -4*g(w) + t(w). Determine v(5).
-1
Let o be (-16)/((-16)/(-4)) - -2. Let n(w) = 2*w**2 + 2*w + 2. What is n(o)?
6
Let s(u) be the first derivative of 5*u**4/24 - u**3/2 - u**2 + 3. Let l(o) be the second derivative of s(o). Let g = -3 + 5. Determine l(g).
7
Let z(j) = -j**2 + 6*j. Let b be z(6). Let t = 2 - b. Suppose 5*p + 23 = -r, -t*r + 3*r + 15 = -3*p. Let d(m) = -m - 9. Determine d(p).
-5
Let k(o) be the first derivative of o**3/3 - 4*o**2 + 7*o - 36. Give k(6).
-5
Let m(t) = t - 1. Let a(k) = -3*k + 5. Let y(o) = -a(o) - 4*m(o). Let d(c) = -3 - 2 + c**2 - c + 3. Let